{"id":4193,"date":"2022-08-02T14:31:50","date_gmt":"2022-08-02T14:31:50","guid":{"rendered":"http:\/\/localhost:8888\/wordpress\/?page_id=4193"},"modified":"2022-11-08T14:51:53","modified_gmt":"2022-11-08T14:51:53","slug":"o-vento-a-gerar-energia","status":"publish","type":"page","link":"\/en\/o-vento-a-gerar-energia\/","title":{"rendered":"WIND GENERATING ENERGY"},"content":{"rendered":"<div class=\"vc_row wpb_row vc_row-fluid\"><div class=\"wpb_column vc_column_container vc_col-sm-12\"><div class=\"vc_column-inner\"><div class=\"wpb_wrapper\"><div class=\"vc_empty_space\"   style=\"height: 32px\"><span class=\"vc_empty_space_inner\"><\/span><\/div><div class=\"vc_empty_space\"   style=\"height: 32px\"><span class=\"vc_empty_space_inner\"><\/span><\/div><\/div><\/div><\/div><\/div><div class=\"vc_row wpb_row vc_row-fluid mt-lg-0 mt-5 vc_custom_1566801344931\"><div class=\"wpb_column vc_column_container vc_col-sm-5 vc_col-lg-6 vc_col-md-12\"><div class=\"vc_column-inner\"><div class=\"wpb_wrapper\">\n\t<div  class=\"wpb_single_image wpb_content_element vc_align_left   services-finance-img no-margin\">\n\t\t\n\t\t<figure class=\"wpb_wrapper vc_figure\">\n\t\t\t<div class=\"vc_single_image-wrapper   vc_box_border_grey\"><img loading=\"lazy\" decoding=\"async\" width=\"1080\" height=\"1080\" src=\"https:\/\/cabeolica.com\/wp-content\/uploads\/2022\/08\/CBL_post_educacional_10.png\" class=\"vc_single_image-img attachment-full\" alt=\"\" srcset=\"https:\/\/cabeolica.com\/wp-content\/uploads\/2022\/08\/CBL_post_educacional_10.png 1080w, https:\/\/cabeolica.com\/wp-content\/uploads\/2022\/08\/CBL_post_educacional_10-300x300.png 300w, https:\/\/cabeolica.com\/wp-content\/uploads\/2022\/08\/CBL_post_educacional_10-1024x1024.png 1024w, https:\/\/cabeolica.com\/wp-content\/uploads\/2022\/08\/CBL_post_educacional_10-150x150.png 150w, https:\/\/cabeolica.com\/wp-content\/uploads\/2022\/08\/CBL_post_educacional_10-768x768.png 768w, https:\/\/cabeolica.com\/wp-content\/uploads\/2022\/08\/CBL_post_educacional_10-100x100.png 100w\" sizes=\"auto, 100vw\" \/><\/div>\n\t\t<\/figure>\n\t<\/div>\n<\/div><\/div><\/div><div class=\"mt-lg-0 mt-md-0 mt-4 wpb_column vc_column_container vc_col-sm-7 vc_col-lg-6 vc_col-md-12\"><div class=\"vc_column-inner\"><div class=\"wpb_wrapper\">\n\t<div class=\"wpb_text_column wpb_content_element  mb-3\" >\n\t\t<div class=\"wpb_wrapper\">\n\t\t\t<p style=\"text-align: justify;\">The wind turbines are always aligned so as to face the direction of the wind, an alignment that is made possible by an anemometer installed in the turbine to determine the wind direction and by motors that make the nacelle turn toward the direction of the wind according to the indications provided by the data from the anemometer.<\/p>\n<p style=\"text-align: justify;\">The figure represents the profile of a wind turbine blade on the horizontal axis, which is similar to an airplane wing. When the wind blows, the wind turbine blade\u2019s geometry forces the flow of air to change direction along the surface, creating a difference in pressure, resulting in aerodynamic forces on the blade structure that unleash torque, making the blade spin. As the wind speed is not constant, the turbine is designed to operate within a specific operational velocity range, and the pitch potential\u00a0<em>control system<\/em>\u00a0ensures that the maximum speed able to be supported is never exceeded so as to guarantee that there are never overloads or undue wear of the equipment.<\/p>\n\n\t\t<\/div>\n\t<\/div>\n<\/div><\/div><\/div><\/div><div class=\"vc_row wpb_row vc_row-fluid\"><div class=\"wpb_column vc_column_container vc_col-sm-12\"><div class=\"vc_column-inner\"><div class=\"wpb_wrapper\"><div class=\"vc_empty_space\"   style=\"height: 32px\"><span class=\"vc_empty_space_inner\"><\/span><\/div><\/div><\/div><\/div><\/div>","protected":false},"excerpt":{"rendered":"O aerogerador encontra-se sempre alinhado de frente com a dire\u00e7\u00e3o do vento, alinhamento esse poss\u00edvel devido ao anem\u00f3metro que se encontra instalado no aerogerador para verificar a dire\u00e7\u00e3o do vento, e a motores que fazem a nacele rodar para a dire\u00e7\u00e3o do vento conforme as indica\u00e7\u00f5es dos dados do anem\u00f3metro. A figura representa o perfil [...]","protected":false},"author":1,"featured_media":0,"parent":0,"menu_order":0,"comment_status":"closed","ping_status":"closed","template":"full-page.php","meta":{"_monsterinsights_skip_tracking":false,"_monsterinsights_sitenote_active":false,"_monsterinsights_sitenote_note":"","_monsterinsights_sitenote_category":0,"footnotes":""},"class_list":["post-4193","page","type-page","status-publish","hentry"],"aioseo_notices":[],"_links":{"self":[{"href":"\/en\/wp-json\/wp\/v2\/pages\/4193","targetHints":{"allow":["GET"]}}],"collection":[{"href":"\/en\/wp-json\/wp\/v2\/pages"}],"about":[{"href":"\/en\/wp-json\/wp\/v2\/types\/page"}],"author":[{"embeddable":true,"href":"\/en\/wp-json\/wp\/v2\/users\/1"}],"replies":[{"embeddable":true,"href":"\/en\/wp-json\/wp\/v2\/comments?post=4193"}],"version-history":[{"count":4,"href":"\/en\/wp-json\/wp\/v2\/pages\/4193\/revisions"}],"predecessor-version":[{"id":5776,"href":"\/en\/wp-json\/wp\/v2\/pages\/4193\/revisions\/5776"}],"wp:attachment":[{"href":"\/en\/wp-json\/wp\/v2\/media?parent=4193"}],"curies":[{"name":"wp","href":"https:\/\/api.w.org\/{rel}","templated":true}]}}

O aerogerador encontra-se sempre alinhado de frente com a direção do vento, alinhamento esse possível devido ao anemómetro que se encontra instalado no aerogerador para verificar a direção do vento, e a motores que fazem a nacele rodar para a direção do vento conforme as indicações dos dados do anemómetro. A figura representa o perfil [...]
