{"id":4132,"date":"2022-08-02T01:14:47","date_gmt":"2022-08-02T01:14:47","guid":{"rendered":"http:\/\/localhost:8888\/wordpress\/?page_id=4132"},"modified":"2025-03-07T19:32:06","modified_gmt":"2025-03-07T19:32:06","slug":"ilha-do-sal","status":"publish","type":"page","link":"\/en\/ilha-do-sal\/","title":{"rendered":"Sal Wind Farm"},"content":{"rendered":"<div class=\"vc_row wpb_row vc_row-fluid\"><div class=\"wpb_column vc_column_container vc_col-sm-12\"><div class=\"vc_column-inner\"><div class=\"wpb_wrapper\"><div class=\"vc_empty_space\"   style=\"height: 32px\"><span class=\"vc_empty_space_inner\"><\/span><\/div><div class=\"vc_empty_space\"   style=\"height: 32px\"><span class=\"vc_empty_space_inner\"><\/span><\/div><div class=\"vc_empty_space\"   style=\"height: 32px\"><span class=\"vc_empty_space_inner\"><\/span><\/div><\/div><\/div><\/div><\/div><div class=\"vc_row wpb_row vc_row-fluid\"><div class=\"wpb_column vc_column_container vc_col-sm-6\"><div class=\"vc_column-inner\"><div class=\"wpb_wrapper\"><div class=\"title-box  text-left\"><span class=\"title-design\">PRODUCED TO DATE<\/span><h2 class=\"title\">more than 223 550 MWh<\/h2><\/div>\n        <div class=\"row\">\n            <div class=\"col-sm-12\"><div class=\"owl-carousel\" data-dots=\"true\" data-nav=\"false\" data-items=\"1\" data-items-laptop=\"1\" data-items-tab=\"1\" data-items-mobile=\"1\" data-items-mobile-sm=\"1\" data-autoplay=\"true\" data-loop=\"true\" data-margin=\"30\"><div class=\"Consulting-img  text-left\"><img decoding=\"async\" src=\"https:\/\/cabeolica.com\/wp-content\/uploads\/2022\/09\/DSC0044-scaled.jpg\" alt=\"slider\"><\/div><div class=\"Consulting-img  text-left\"><img decoding=\"async\" src=\"https:\/\/cabeolica.com\/wp-content\/uploads\/2022\/09\/DSC0049-scaled.jpg\" alt=\"slider\"><\/div><div class=\"Consulting-img  text-left\"><img decoding=\"async\" src=\"https:\/\/cabeolica.com\/wp-content\/uploads\/2022\/09\/DSC0111-scaled.jpg\" alt=\"slider\"><\/div><div class=\"Consulting-img  text-left\"><img decoding=\"async\" src=\"https:\/\/cabeolica.com\/wp-content\/uploads\/2022\/09\/DJI_0343-scaled.jpg\" alt=\"slider\"><\/div><\/div>\n            <\/div>\n        <\/div><\/div><\/div><\/div><div class=\"wpb_column vc_column_container vc_col-sm-6\"><div class=\"vc_column-inner\"><div class=\"wpb_wrapper\">\n\t<div class=\"wpb_text_column wpb_content_element  no-margin\" >\n\t\t<div class=\"wpb_wrapper\">\n\t\t\t<div class=\"elementor-element elementor-element-dd2a913 elementor-widget elementor-widget-text-editor\" data-id=\"dd2a913\" data-element_type=\"widget\" data-widget_type=\"text-editor.default\">\n<div class=\"elementor-widget-container\">\n<div class=\"elementor-text-editor elementor-clearfix\">\n<div class=\"wpb_text_column\">\n<div class=\"wpb_wrapper\">\n<p style=\"text-align: justify;\">The Sal Island wind farm has been functioning officially since 2012. However, it started injecting energy into the grid since November 2011 (test phase). It was inaugurated on February 28, 2012.<\/p>\n<p style=\"text-align: justify;\">It is located in the eastern part of the island, in the Lajedo de Ribeira de Tarrafe region, occupying about 32 hectares of land and containing 9 turbines, representing a total installed capacity of 7.65 MW.<\/p>\n<p style=\"text-align: justify;\">The maximum daily capacity of the park is 183.6 MWh.<\/p>\n<p style=\"text-align: justify;\">In January 2015 it broke the national record for monthly grid penetration of wind power, contributing 55% of the total electricity consumed on the island. On June 26, 2019, it reached its daily generation record of 99 MWh.<\/p>\n<\/div>\n<\/div>\n<\/div>\n<\/div>\n<\/div>\n\n\t\t<\/div>\n\t<\/div>\n<\/div><\/div><\/div><\/div><div class=\"vc_row wpb_row vc_row-fluid\"><div class=\"wpb_column vc_column_container vc_col-sm-4\"><div class=\"vc_column-inner\"><div class=\"wpb_wrapper\">\n\t<div  class=\"wpb_single_image wpb_content_element vc_align_center  wpb_animate_when_almost_visible wpb_bounceIn bounceIn\">\n\t\t\n\t\t<figure class=\"wpb_wrapper vc_figure\">\n\t\t\t<a href=\"\/en\/ilha-de-santiago\/\" target=\"_self\" class=\"vc_single_image-wrapper   vc_box_border_grey\"><img loading=\"lazy\" decoding=\"async\" width=\"500\" height=\"500\" src=\"https:\/\/cabeolica.com\/wp-content\/uploads\/2022\/09\/CABEOLICA-ILHA-SANTIAGO.png\" class=\"vc_single_image-img attachment-large\" alt=\"\" srcset=\"https:\/\/cabeolica.com\/wp-content\/uploads\/2022\/09\/CABEOLICA-ILHA-SANTIAGO.png 500w, https:\/\/cabeolica.com\/wp-content\/uploads\/2022\/09\/CABEOLICA-ILHA-SANTIAGO-300x300.png 300w, https:\/\/cabeolica.com\/wp-content\/uploads\/2022\/09\/CABEOLICA-ILHA-SANTIAGO-150x150.png 150w, https:\/\/cabeolica.com\/wp-content\/uploads\/2022\/09\/CABEOLICA-ILHA-SANTIAGO-100x100.png 100w\" sizes=\"auto, 100vw\" \/><\/a>\n\t\t<\/figure>\n\t<\/div>\n<\/div><\/div><\/div><div class=\"wpb_column vc_column_container vc_col-sm-4\"><div class=\"vc_column-inner\"><div class=\"wpb_wrapper\">\n\t<div  class=\"wpb_single_image wpb_content_element vc_align_center  wpb_animate_when_almost_visible wpb_bounceIn bounceIn\">\n\t\t\n\t\t<figure class=\"wpb_wrapper vc_figure\">\n\t\t\t<a href=\"\/en\/ilha-de-sao-vicente\/\" target=\"_self\" class=\"vc_single_image-wrapper   vc_box_border_grey\"><img loading=\"lazy\" decoding=\"async\" width=\"500\" height=\"500\" src=\"https:\/\/cabeolica.com\/wp-content\/uploads\/2022\/09\/CABEOLICA-ILHA-SAO-VICENTE.png\" class=\"vc_single_image-img attachment-large\" alt=\"\" srcset=\"https:\/\/cabeolica.com\/wp-content\/uploads\/2022\/09\/CABEOLICA-ILHA-SAO-VICENTE.png 500w, https:\/\/cabeolica.com\/wp-content\/uploads\/2022\/09\/CABEOLICA-ILHA-SAO-VICENTE-300x300.png 300w, https:\/\/cabeolica.com\/wp-content\/uploads\/2022\/09\/CABEOLICA-ILHA-SAO-VICENTE-150x150.png 150w, https:\/\/cabeolica.com\/wp-content\/uploads\/2022\/09\/CABEOLICA-ILHA-SAO-VICENTE-100x100.png 100w\" sizes=\"auto, 100vw\" \/><\/a>\n\t\t<\/figure>\n\t<\/div>\n<\/div><\/div><\/div><div class=\"wpb_column vc_column_container vc_col-sm-4\"><div class=\"vc_column-inner\"><div class=\"wpb_wrapper\">\n\t<div  class=\"wpb_single_image wpb_content_element vc_align_center  wpb_animate_when_almost_visible wpb_bounceIn bounceIn\">\n\t\t\n\t\t<figure class=\"wpb_wrapper vc_figure\">\n\t\t\t<a href=\"\/en\/ilha-da-boa-vista\/\" target=\"_self\" class=\"vc_single_image-wrapper   vc_box_border_grey\"><img loading=\"lazy\" decoding=\"async\" width=\"500\" height=\"500\" src=\"https:\/\/cabeolica.com\/wp-content\/uploads\/2022\/09\/CABEOLICA-ILHA-BOA-VISTA.png\" class=\"vc_single_image-img attachment-large\" alt=\"\" srcset=\"https:\/\/cabeolica.com\/wp-content\/uploads\/2022\/09\/CABEOLICA-ILHA-BOA-VISTA.png 500w, https:\/\/cabeolica.com\/wp-content\/uploads\/2022\/09\/CABEOLICA-ILHA-BOA-VISTA-300x300.png 300w, https:\/\/cabeolica.com\/wp-content\/uploads\/2022\/09\/CABEOLICA-ILHA-BOA-VISTA-150x150.png 150w, https:\/\/cabeolica.com\/wp-content\/uploads\/2022\/09\/CABEOLICA-ILHA-BOA-VISTA-100x100.png 100w\" sizes=\"auto, 100vw\" \/><\/a>\n\t\t<\/figure>\n\t<\/div>\n<\/div><\/div><\/div><\/div>","protected":false},"excerpt":{"rendered":"Produzidos at\u00e9 \u00e0 datamais de 223 550 MWh O parque e\u00f3lico da Ilha do Sal encontra-se oficialmente em produ\u00e7\u00e3o desde 2012. No entanto, come\u00e7ou a injetar energia na rede desde novembro 2011 (fase de testes). Foi inaugurado a 28 de fevereiro de 2012. Est\u00e1 localizado na parte leste da ilha, na regi\u00e3o de Lajedo de [...]","protected":false},"author":1,"featured_media":0,"parent":0,"menu_order":0,"comment_status":"closed","ping_status":"closed","template":"full-page.php","meta":{"_monsterinsights_skip_tracking":false,"_monsterinsights_sitenote_active":false,"_monsterinsights_sitenote_note":"","_monsterinsights_sitenote_category":0,"footnotes":""},"class_list":["post-4132","page","type-page","status-publish","hentry"],"aioseo_notices":[],"_links":{"self":[{"href":"\/en\/wp-json\/wp\/v2\/pages\/4132","targetHints":{"allow":["GET"]}}],"collection":[{"href":"\/en\/wp-json\/wp\/v2\/pages"}],"about":[{"href":"\/en\/wp-json\/wp\/v2\/types\/page"}],"author":[{"embeddable":true,"href":"\/en\/wp-json\/wp\/v2\/users\/1"}],"replies":[{"embeddable":true,"href":"\/en\/wp-json\/wp\/v2\/comments?post=4132"}],"version-history":[{"count":12,"href":"\/en\/wp-json\/wp\/v2\/pages\/4132\/revisions"}],"predecessor-version":[{"id":6449,"href":"\/en\/wp-json\/wp\/v2\/pages\/4132\/revisions\/6449"}],"wp:attachment":[{"href":"\/en\/wp-json\/wp\/v2\/media?parent=4132"}],"curies":[{"name":"wp","href":"https:\/\/api.w.org\/{rel}","templated":true}]}}

Produzidos até à datamais de 223 550 MWh O parque eólico da Ilha do Sal encontra-se oficialmente em produção desde 2012. No entanto, começou a injetar energia na rede desde novembro 2011 (fase de testes). Foi inaugurado a 28 de fevereiro de 2012. Está localizado na parte leste da ilha, na região de Lajedo de [...]
