{"id":4127,"date":"2022-08-02T01:10:07","date_gmt":"2022-08-02T01:10:07","guid":{"rendered":"http:\/\/localhost:8888\/wordpress\/?page_id=4127"},"modified":"2025-03-07T19:39:09","modified_gmt":"2025-03-07T19:39:09","slug":"ilha-de-sao-vicente","status":"publish","type":"page","link":"\/en\/ilha-de-sao-vicente\/","title":{"rendered":"S\u00e3o Vicente Wind Farm"},"content":{"rendered":"<div class=\"vc_row wpb_row vc_row-fluid\"><div class=\"wpb_column vc_column_container vc_col-sm-12\"><div class=\"vc_column-inner\"><div class=\"wpb_wrapper\"><div class=\"vc_empty_space\"   style=\"height: 32px\"><span class=\"vc_empty_space_inner\"><\/span><\/div><div class=\"vc_empty_space\"   style=\"height: 32px\"><span class=\"vc_empty_space_inner\"><\/span><\/div><div class=\"vc_empty_space\"   style=\"height: 32px\"><span class=\"vc_empty_space_inner\"><\/span><\/div><\/div><\/div><\/div><\/div><div class=\"vc_row wpb_row vc_row-fluid\"><div class=\"wpb_column vc_column_container vc_col-sm-6\"><div class=\"vc_column-inner\"><div class=\"wpb_wrapper\"><div class=\"title-box  text-left\"><span class=\"title-design\">PRODUCED TO DATE<\/span><h2 class=\"title\">more than 255 090 MWh<\/h2><\/div>\n        <div class=\"row\">\n            <div class=\"col-sm-12\"><div class=\"owl-carousel\" data-dots=\"true\" data-nav=\"false\" data-items=\"1\" data-items-laptop=\"1\" data-items-tab=\"1\" data-items-mobile=\"1\" data-items-mobile-sm=\"1\" data-autoplay=\"true\" data-loop=\"true\" data-margin=\"30\"><div class=\"Consulting-img  text-left\"><img decoding=\"async\" src=\"https:\/\/cabeolica.com\/wp-content\/uploads\/2022\/09\/Parque-Cabeolica-mindelo-by-nivaldo-medina-22-scaled.jpg\" alt=\"slider\"><\/div><div class=\"Consulting-img  text-left\"><img decoding=\"async\" src=\"https:\/\/cabeolica.com\/wp-content\/uploads\/2022\/09\/Parque-Cabeolica-mindelo-by-nivaldo-medina-36-scaled.jpg\" alt=\"slider\"><\/div><div class=\"Consulting-img  text-left\"><img decoding=\"async\" src=\"https:\/\/cabeolica.com\/wp-content\/uploads\/2022\/09\/Parque-Cabeolica-mindelo-SV1-scaled.jpg\" alt=\"slider\"><\/div><div class=\"Consulting-img  text-left\"><img decoding=\"async\" src=\"https:\/\/cabeolica.com\/wp-content\/uploads\/2022\/09\/SV-scaled.jpg\" alt=\"slider\"><\/div><\/div>\n            <\/div>\n        <\/div><\/div><\/div><\/div><div class=\"wpb_column vc_column_container vc_col-sm-6\"><div class=\"vc_column-inner\"><div class=\"wpb_wrapper\"><div class=\"vc_empty_space\"   style=\"height: 32px\"><span class=\"vc_empty_space_inner\"><\/span><\/div>\n\t<div class=\"wpb_text_column wpb_content_element  no-margin\" >\n\t\t<div class=\"wpb_wrapper\">\n\t\t\t<div class=\"elementor-element elementor-element-dd2a913 elementor-widget elementor-widget-text-editor\" data-id=\"dd2a913\" data-element_type=\"widget\" data-widget_type=\"text-editor.default\">\n<div class=\"elementor-widget-container\">\n<div class=\"elementor-text-editor elementor-clearfix\">\n<div class=\"wpb_text_column\">\n<div class=\"wpb_wrapper\">\n<p style=\"text-align: justify;\">The S\u00e3o Vicente wind farm started injecting energy into the grid in October 2011 and was inaugurated on November 11, 2011.<\/p>\n<p style=\"text-align: justify;\">The wind farm is located in the western part of the island, in the region of Selada de Flamengo, about 6 kilometers from the city of Mindelo. It occupies about 15 hectares of land and contains 7 turbines, with an installed capacity of 5.95 MW.<\/p>\n<p style=\"text-align: justify;\">This park has a maximum daily generation capacity of 142.8 MWh, and is the windiest park in Cabe\u00f3lica. On November 6, 2019 it reached its record daily generation - 116 MWh, supplying, on that day, 46% of St. Vincent's electricity needs.<\/p>\n<\/div>\n<\/div>\n<\/div>\n<\/div>\n<\/div>\n\n\t\t<\/div>\n\t<\/div>\n<\/div><\/div><\/div><\/div><div class=\"vc_row wpb_row vc_row-fluid\"><div class=\"wpb_column vc_column_container vc_col-sm-4\"><div class=\"vc_column-inner\"><div class=\"wpb_wrapper\">\n\t<div  class=\"wpb_single_image wpb_content_element vc_align_center  wpb_animate_when_almost_visible wpb_bounceIn bounceIn\">\n\t\t\n\t\t<figure class=\"wpb_wrapper vc_figure\">\n\t\t\t<a href=\"\/en\/ilha-de-santiago\/\" target=\"_self\" class=\"vc_single_image-wrapper   vc_box_border_grey\"><img loading=\"lazy\" decoding=\"async\" width=\"500\" height=\"500\" src=\"https:\/\/cabeolica.com\/wp-content\/uploads\/2022\/09\/CABEOLICA-ILHA-SANTIAGO.png\" class=\"vc_single_image-img attachment-large\" alt=\"\" srcset=\"https:\/\/cabeolica.com\/wp-content\/uploads\/2022\/09\/CABEOLICA-ILHA-SANTIAGO.png 500w, https:\/\/cabeolica.com\/wp-content\/uploads\/2022\/09\/CABEOLICA-ILHA-SANTIAGO-300x300.png 300w, https:\/\/cabeolica.com\/wp-content\/uploads\/2022\/09\/CABEOLICA-ILHA-SANTIAGO-150x150.png 150w, https:\/\/cabeolica.com\/wp-content\/uploads\/2022\/09\/CABEOLICA-ILHA-SANTIAGO-100x100.png 100w\" sizes=\"auto, 100vw\" \/><\/a>\n\t\t<\/figure>\n\t<\/div>\n<\/div><\/div><\/div><div class=\"wpb_column vc_column_container vc_col-sm-4\"><div class=\"vc_column-inner\"><div class=\"wpb_wrapper\">\n\t<div  class=\"wpb_single_image wpb_content_element vc_align_center  wpb_animate_when_almost_visible wpb_bounceIn bounceIn\">\n\t\t\n\t\t<figure class=\"wpb_wrapper vc_figure\">\n\t\t\t<a href=\"\/en\/ilha-do-sal\/\" target=\"_self\" class=\"vc_single_image-wrapper   vc_box_border_grey\"><img loading=\"lazy\" decoding=\"async\" width=\"500\" height=\"500\" src=\"https:\/\/cabeolica.com\/wp-content\/uploads\/2022\/09\/CABEOLICA-ILHA-SAL.png\" class=\"vc_single_image-img attachment-large\" alt=\"\" srcset=\"https:\/\/cabeolica.com\/wp-content\/uploads\/2022\/09\/CABEOLICA-ILHA-SAL.png 500w, https:\/\/cabeolica.com\/wp-content\/uploads\/2022\/09\/CABEOLICA-ILHA-SAL-300x300.png 300w, https:\/\/cabeolica.com\/wp-content\/uploads\/2022\/09\/CABEOLICA-ILHA-SAL-150x150.png 150w, https:\/\/cabeolica.com\/wp-content\/uploads\/2022\/09\/CABEOLICA-ILHA-SAL-100x100.png 100w\" sizes=\"auto, 100vw\" \/><\/a>\n\t\t<\/figure>\n\t<\/div>\n<\/div><\/div><\/div><div class=\"wpb_column vc_column_container vc_col-sm-4\"><div class=\"vc_column-inner\"><div class=\"wpb_wrapper\">\n\t<div  class=\"wpb_single_image wpb_content_element vc_align_center  wpb_animate_when_almost_visible wpb_bounceIn bounceIn\">\n\t\t\n\t\t<figure class=\"wpb_wrapper vc_figure\">\n\t\t\t<a href=\"\/en\/ilha-da-boa-vista\/\" target=\"_self\" class=\"vc_single_image-wrapper   vc_box_border_grey\"><img loading=\"lazy\" decoding=\"async\" width=\"500\" height=\"500\" src=\"https:\/\/cabeolica.com\/wp-content\/uploads\/2022\/09\/CABEOLICA-ILHA-BOA-VISTA.png\" class=\"vc_single_image-img attachment-large\" alt=\"\" srcset=\"https:\/\/cabeolica.com\/wp-content\/uploads\/2022\/09\/CABEOLICA-ILHA-BOA-VISTA.png 500w, https:\/\/cabeolica.com\/wp-content\/uploads\/2022\/09\/CABEOLICA-ILHA-BOA-VISTA-300x300.png 300w, https:\/\/cabeolica.com\/wp-content\/uploads\/2022\/09\/CABEOLICA-ILHA-BOA-VISTA-150x150.png 150w, https:\/\/cabeolica.com\/wp-content\/uploads\/2022\/09\/CABEOLICA-ILHA-BOA-VISTA-100x100.png 100w\" sizes=\"auto, 100vw\" \/><\/a>\n\t\t<\/figure>\n\t<\/div>\n<\/div><\/div><\/div><\/div>","protected":false},"excerpt":{"rendered":"Produzidos at\u00e9 \u00e0 datamais de 255 090 MWh O parque e\u00f3lico de S\u00e3o Vicente come\u00e7ou a injetar energia na rede em outubro de 2011 e foi inaugurado a 11 de novembro de 2011. O parque e\u00f3lico est\u00e1 localizado na parte oeste da Ilha, na regi\u00e3o de Selada de Flamengo, a cerca de 6 quil\u00f3metros da [...]","protected":false},"author":1,"featured_media":0,"parent":0,"menu_order":0,"comment_status":"closed","ping_status":"closed","template":"full-page.php","meta":{"_monsterinsights_skip_tracking":false,"_monsterinsights_sitenote_active":false,"_monsterinsights_sitenote_note":"","_monsterinsights_sitenote_category":0,"footnotes":""},"class_list":["post-4127","page","type-page","status-publish","hentry"],"aioseo_notices":[],"_links":{"self":[{"href":"\/en\/wp-json\/wp\/v2\/pages\/4127","targetHints":{"allow":["GET"]}}],"collection":[{"href":"\/en\/wp-json\/wp\/v2\/pages"}],"about":[{"href":"\/en\/wp-json\/wp\/v2\/types\/page"}],"author":[{"embeddable":true,"href":"\/en\/wp-json\/wp\/v2\/users\/1"}],"replies":[{"embeddable":true,"href":"\/en\/wp-json\/wp\/v2\/comments?post=4127"}],"version-history":[{"count":14,"href":"\/en\/wp-json\/wp\/v2\/pages\/4127\/revisions"}],"predecessor-version":[{"id":6450,"href":"\/en\/wp-json\/wp\/v2\/pages\/4127\/revisions\/6450"}],"wp:attachment":[{"href":"\/en\/wp-json\/wp\/v2\/media?parent=4127"}],"curies":[{"name":"wp","href":"https:\/\/api.w.org\/{rel}","templated":true}]}}

São Vicente Wind Farm

<div class="vc_row wpb_row vc_row-fluid"><div class="wpb_column vc_column_container vc_col-sm-12"><div class="vc_column-inner"><div class="wpb_wrapper"><div class="vc_empty_space"   style="height: 32px"><span class="vc_empty_space_inner"></span></div><div class="vc_empty_space"   style="height: 32px"><span class="vc_empty_space_inner"></span></div><div class="vc_empty_space"   style="height: 32px"><span class="vc_empty_space_inner"></span></div></div></div></div></div><div class="vc_row wpb_row vc_row-fluid"><div class="wpb_column vc_column_container vc_col-sm-6"><div class="vc_column-inner"><div class="wpb_wrapper"><div class="title-box  text-left"><span class="title-design">PRODUCED TO DATE</span><h2 class="title">more than 255 090 MWh</h2></div>
        <div class="row">
            <div class="col-sm-12"><div class="owl-carousel" data-dots="true" data-nav="false" data-items="1" data-items-laptop="1" data-items-tab="1" data-items-mobile="1" data-items-mobile-sm="1" data-autoplay="true" data-loop="true" data-margin="30"><div class="Consulting-img  text-left"><img decoding="async" src="https://cabeolica.com/wp-content/uploads/2022/09/Parque-Cabeolica-mindelo-by-nivaldo-medina-22-scaled.jpg" alt="slider"></div><div class="Consulting-img  text-left"><img decoding="async" src="https://cabeolica.com/wp-content/uploads/2022/09/Parque-Cabeolica-mindelo-by-nivaldo-medina-36-scaled.jpg" alt="slider"></div><div class="Consulting-img  text-left"><img decoding="async" src="https://cabeolica.com/wp-content/uploads/2022/09/Parque-Cabeolica-mindelo-SV1-scaled.jpg" alt="slider"></div><div class="Consulting-img  text-left"><img decoding="async" src="https://cabeolica.com/wp-content/uploads/2022/09/SV-scaled.jpg" alt="slider"></div></div>
            </div>
        </div></div></div></div><div class="wpb_column vc_column_container vc_col-sm-6"><div class="vc_column-inner"><div class="wpb_wrapper"><div class="vc_empty_space"   style="height: 32px"><span class="vc_empty_space_inner"></span></div>
	<div class="wpb_text_column wpb_content_element  no-margin" >
		<div class="wpb_wrapper">
			<div class="elementor-element elementor-element-dd2a913 elementor-widget elementor-widget-text-editor" data-id="dd2a913" data-element_type="widget" data-widget_type="text-editor.default">
<div class="elementor-widget-container">
<div class="elementor-text-editor elementor-clearfix">
<div class="wpb_text_column">
<div class="wpb_wrapper">
<p style="text-align: justify;">The São Vicente wind farm started injecting energy into the grid in October 2011 and was inaugurated on November 11, 2011.</p>
<p style="text-align: justify;">The wind farm is located in the western part of the island, in the region of Selada de Flamengo, about 6 kilometers from the city of Mindelo. It occupies about 15 hectares of land and contains 7 turbines, with an installed capacity of 5.95 MW.</p>
<p style="text-align: justify;">This park has a maximum daily generation capacity of 142.8 MWh, and is the windiest park in Cabeólica. On November 6, 2019 it reached its record daily generation - 116 MWh, supplying, on that day, 46% of St. Vincent's electricity needs.</p>
</div>
</div>
</div>
</div>
</div>

		</div>
	</div>
</div></div></div></div><div class="vc_row wpb_row vc_row-fluid"><div class="wpb_column vc_column_container vc_col-sm-4"><div class="vc_column-inner"><div class="wpb_wrapper">
	<div  class="wpb_single_image wpb_content_element vc_align_center  wpb_animate_when_almost_visible wpb_bounceIn bounceIn">
		
		<figure class="wpb_wrapper vc_figure">
			<a href="/en/ilha-de-santiago/" target="_self" class="vc_single_image-wrapper   vc_box_border_grey"><img loading="lazy" decoding="async" width="500" height="500" src="https://cabeolica.com/wp-content/uploads/2022/09/CABEOLICA-ILHA-SANTIAGO.png" class="vc_single_image-img attachment-large" alt="" srcset="https://cabeolica.com/wp-content/uploads/2022/09/CABEOLICA-ILHA-SANTIAGO.png 500w, https://cabeolica.com/wp-content/uploads/2022/09/CABEOLICA-ILHA-SANTIAGO-300x300.png 300w, https://cabeolica.com/wp-content/uploads/2022/09/CABEOLICA-ILHA-SANTIAGO-150x150.png 150w, https://cabeolica.com/wp-content/uploads/2022/09/CABEOLICA-ILHA-SANTIAGO-100x100.png 100w" sizes="auto, 100vw" /></a>
		</figure>
	</div>
</div></div></div><div class="wpb_column vc_column_container vc_col-sm-4"><div class="vc_column-inner"><div class="wpb_wrapper">
	<div  class="wpb_single_image wpb_content_element vc_align_center  wpb_animate_when_almost_visible wpb_bounceIn bounceIn">
		
		<figure class="wpb_wrapper vc_figure">
			<a href="/en/ilha-do-sal/" target="_self" class="vc_single_image-wrapper   vc_box_border_grey"><img loading="lazy" decoding="async" width="500" height="500" src="https://cabeolica.com/wp-content/uploads/2022/09/CABEOLICA-ILHA-SAL.png" class="vc_single_image-img attachment-large" alt="" srcset="https://cabeolica.com/wp-content/uploads/2022/09/CABEOLICA-ILHA-SAL.png 500w, https://cabeolica.com/wp-content/uploads/2022/09/CABEOLICA-ILHA-SAL-300x300.png 300w, https://cabeolica.com/wp-content/uploads/2022/09/CABEOLICA-ILHA-SAL-150x150.png 150w, https://cabeolica.com/wp-content/uploads/2022/09/CABEOLICA-ILHA-SAL-100x100.png 100w" sizes="auto, 100vw" /></a>
		</figure>
	</div>
</div></div></div><div class="wpb_column vc_column_container vc_col-sm-4"><div class="vc_column-inner"><div class="wpb_wrapper">
	<div  class="wpb_single_image wpb_content_element vc_align_center  wpb_animate_when_almost_visible wpb_bounceIn bounceIn">
		
		<figure class="wpb_wrapper vc_figure">
			<a href="/en/ilha-da-boa-vista/" target="_self" class="vc_single_image-wrapper   vc_box_border_grey"><img loading="lazy" decoding="async" width="500" height="500" src="https://cabeolica.com/wp-content/uploads/2022/09/CABEOLICA-ILHA-BOA-VISTA.png" class="vc_single_image-img attachment-large" alt="" srcset="https://cabeolica.com/wp-content/uploads/2022/09/CABEOLICA-ILHA-BOA-VISTA.png 500w, https://cabeolica.com/wp-content/uploads/2022/09/CABEOLICA-ILHA-BOA-VISTA-300x300.png 300w, https://cabeolica.com/wp-content/uploads/2022/09/CABEOLICA-ILHA-BOA-VISTA-150x150.png 150w, https://cabeolica.com/wp-content/uploads/2022/09/CABEOLICA-ILHA-BOA-VISTA-100x100.png 100w" sizes="auto, 100vw" /></a>
		</figure>
	</div>
</div></div></div></div>

Produzidos até à datamais de 255 090 MWh O parque eólico de São Vicente começou a injetar energia na rede em outubro de 2011 e foi inaugurado a 11 de novembro de 2011. O parque eólico está localizado na parte oeste da Ilha, na região de Selada de Flamengo, a cerca de 6 quilómetros da [...]
